215024817 a composite number?
True
Is 802522241 composite?
True
Is 5244894001 a prime number?
False
Is 40327410243 composite?
True
Is 1970444669 a composite number?
False
Is 290151089 composite?
False
Is 252325717003 a composite number?
False
Is 19196321359 a prime number?
True
Is 291096103 prime?
False
Is 430187171 prime?
True
Is 5083951679 a prime number?
True
Is 39994516751 a composite number?
True
Is 6297837817 prime?
True
Is 3536296111 prime?
True
Is 502627477 composite?
True
Is 15381750305 prime?
False
Is 97241387941 a composite number?
False
Is 19844129761 a composite number?
True
Is 6997639139 a prime number?
True
Is 238835001 composite?
True
Is 52375000397 a composite number?
True
Is 3273145961 a composite number?
False
Is 616211411 a prime number?
True
Is 10593435455 a composite number?
True
Is 10989868847 composite?
False
Is 170688223 a composite number?
True
Is 1478324369 prime?
False
Is 22911833611 a composite number?
True
Is 45551078641 prime?
True
Is 15473169287 prime?
True
Is 11196451021 a prime number?
False
Is 30277475261 a composite number?
True
Is 38177387 composite?
False
Is 807216269 composite?
False
Is 21220569085 a prime number?
False
Is 5682805729 composite?
True
Is 19268561881 a composite number?
True
Is 233774419 prime?
False
Is 1312199543 a composite number?
True
Is 2763649529 prime?
True
Is 1390325707 a composite number?
True
Is 18621152489 a prime number?
False
Is 3509693773 a composite number?
False
Is 437860243 composite?
False
Is 372918643 prime?
False
Is 11228423177 prime?
False
Is 155671229971 composite?
True
Is 5031457799 composite?
True
Is 87905720794 a composite number?
True
Is 2146704929 a prime number?
True
Is 584259458 prime?
False
Is 13594990953 a composite number?
True
Is 5008923191 a prime number?
True
Is 172934429 composite?
False
Is 1096624645 composite?
True
Is 767546261 prime?
False
Is 525883453 composite?
False
Is 44341547771 a composite number?
False
Is 78017399813 prime?
True
Is 1474266011 a composite number?
True
Is 241133953 composite?
True
Is 574286357 a prime number?
True
Is 45498060046 composite?
True
Is 1451655983 a prime number?
True
Is 11216954929 composite?
False
Is 9657125941 a prime number?
True
Is 1089497359 a prime number?
True
Is 7397246837 a prime number?
False
Is 1679103541 composite?
True
Is 1299888047 composite?
False
Is 2992600621 prime?
False
Is 4697446907 prime?
False
Is 59946646843 composite?
False
Is 94211191 composite?
False
Is 800553493 prime?
True
Is 905699959 a prime number?
True
Is 274971811 a composite number?
False
Is 4147943 prime?
True
Is 4852567 prime?
True
Is 762738551 composite?
False
Is 244682563 prime?
False
Is 166724003 a composite number?
False
Is 1461612727 composite?
False
Is 673000819 prime?
True
Is 331187093 a composite number?
True
Is 40230272651 prime?
False
Is 38247801151 a composite number?
True
Is 579334463 a composite number?
False
Is 126049370801 a composite number?
False
Is 65289399437 a prime number?
False
Is 3150852043 composite?
False
Is 2580945937 a composite number?
False
Is 11578521911 a composite number?
True
Is 262731113 a composite number?
True
Is 2170868317 prime?
False
Is 50652414359 prime?
False
Is 225878127047 composite?
False
Is 3751480507 a composite number?
False
Is 4440518321 prime?
False
Is 16021318223 composite?
False
Is 1558479073 composite?
True
Is 1976843111 a prime number?
True
Is 45484723 prime?
False
Is 10577382121 prime?
True
Is 302583275599 a prime number?
False
Is 6114430891 prime?
False
Is 4134843269 composite?
True
Is 532979149 a composite number?
True
Is 49514766943 composite?
True
Is 348664223 prime?
False
Is 5123749613 a prime number?
False
Is 14059932617 prime?
True
Is 1334195003 a composite number?
True
Is 2544118771 prime?
True
Is 353459833 prime?
False
Is 31544759801 prime?
False
Is 15586857191 prime?
True
Is 7912196987 composite?
False
Is 53495427563 composite?
False
Is 6992712449 composite?
True
Is 252258745 a composite number?
True
Is 11245704131 a prime number?
True
Is 48341826271 prime?
False
Is 61531082737 a prime number?
True
Is 111420017 prime?
True
Is 644812879 prime?
True
Is 4682670101 prime?
True
Is 643906303 a prime number?
True
Is 14196689813 composite?
False
Is 18039087401 prime?
False
Is 8155374757 a prime number?
False
Is 87325939937 prime?
True
Is 112579745737 a prime number?
False
Is 1986956045 a composite number?
True
Is 970872685 a composite number?
True
Is 51966058877 a prime number?
True
Is 671989627 prime?
True
Is 30300669709 a prime number?
True
Is 21878251987 composite?
False
Is 438703115 a prime number?
False
Is 7675876561 a composite number?
False
Is 46381969451 a composite number?
False
Is 34593620753 prime?
True
Is 530335801 a composite number?
False
Is 18774410779 a composite number?
False
Is 30911183 a composite number?
False
Is 5600401 a composite number?
True
Is 303917534653 a prime number?
False
Is 16405968571 a composite number?
False
Is 500520607 composite?
True
Is 528580049 a composite number?
True
Is 17904168745 composite?
True
Is 5653999177 a composite number?
False
Is 5544663037 composite?
False
Is 37436798995 prime?
False
Is 308875357 composite?
True
Is 14015347559 composite?
True
Is 39853705369 a prime number?
False
Is 156886199473 prime?
False
Is 607203119 a prime number?
False
Is 1506948773 prime?
False
Is 1089406166 composite?
True
Is 5472487907 prime?
True
Is 190898261 a composite number?
False
Is 94752323 prime?
True
Is 1422027017 prime?
True
Is 254345557 prime?
True
Is 143841292741 a composite number?
False
Is 96523111093 a prime number?
False
Is 2434818877 prime?
False
Is 5926121297 a composite number?
True
Is 241048291 a prime number?
False
Is 457676383 composite?
True
Is 36851382133 a composite number?
True
Is 4918121521 a composite number?
False
Is 1786521353 a prime number?
True
Is 1079184721 a composite number?
True
Is 13106184265 composite?
True
Is 10393594427 prime?
True
Is 1135820911 prime?
True
Is 627436298659 composite?
False
Is 1514069377 a composite number?
False
Is 8979241487 composite?
True
Is 25438632073 a prime number?
False
Is 785441051 prime?
False
Is 2328464581 composite?
True
Is 4612371397 composite?
False
Is 110332071089 prime?
True
Is 6424127617 prime?
True
Is 32299434473 composite?
False
Is 377579269 composite?
True
Is 24879355541 a prime number?
False
Is 159194100439 prime?
False
Is 247254721 a composite number?
True
Is 1284332083 composite?
False
Is 596931211 a prime number?
True
Is 29718439 prime?
True
Is 780070727 prime?
False
Is 10974959651 prime?
False
Is 581176801 a composite number?
False
Is 394845359 composite?
True
Is 2080547617 a composite number?
False
Is 67194011 a composite number?
True
Is 4565367041 composite?
False
Is 16557571097 composite?
True
Is 2806791629 composite?
False
Is 22179671 a prime number?
True
Is 2648705611 a prime number?
True
Is 267909331 prime?
False
Is 90123377 a composite number?
False
Is 6965946439 composite?
False
Is 45626939 a prime number?
True
Is 110498842 prime?
False
Is 2610758453 a prime number?
True
Is 185979097 a prime number?
True
Is 196554706841 a composite number?
False
Is 1659011803 a prime number?
False
Is 5220590237 a composite number?
True
Is 693409121 a prime number?
True
Is 62475244262 a composite number?
True
Is 1517290835 a composite number?
True
Is 227003107 prime?
False
Is 179323513 prime?
True
Is 8804218021 prime?
True
Is 194785183739 a composite number?
False
Is 494367877 composite?
False
Is 4025582039 a composite number?
False
Is 1054650049 composite?
False
Is 7538121307 composite?
False
Is 1356373867 a composite number?
False
Is 197181321 a prime number?
False
Is 5863380686 composite?
True
Is 4425084067 prime?
False
Is 7621591265 composite?
True
Is 53573716663 a composite number?
False
Is 157183675885 a composite number?
True
Is 31058176507 composite?
False
Is 27437265417 a prime number?
False
Is 47275526359 a composite number?
False
Is 381158101 composite?
False
Is 480219997 composite?
True
Is 9111491773 prime?
True
Is 4871194753 composite?
True
Is 5523538219 prime?
True
Is 115321819187 a composite number?
False
Is 35970751 prime?
False
Is 91284139339 a prime number?
True
Is 1996862249 composite?
False
Is 39057677437 composite?
False
Is 2844161641 a prime number?
True
